e the first derivative of o**4/2 + 2*o**3/3 + 3*o**2/2 + o - 75724. Let h(b) = -b**3 - 2*b**2 + 3*b - 1. Let k be h(-3). Calculate u(k).
-2
Let s(y) = -y + 19. Let x be (-24)/9 + 3 + (-532)/84. Determine s(x).
25
Let g(d) = 19719 + 19721 - 4*d - d**2 + 19723 + 19726 - 78888. Let r = 2 - 0. Let k be 1*(-5 + (r - 0)). What is g(k)?
4
Suppose 0 = b - 3*y - 26 + 17, -3 = 4*b + y. Suppose 5*h - 2*l + 3 + 7 = b, -5*l - 2 = h. Let n(s) = 19*s. Determine n(h).
-38
Let i(s) = -s**3 - 2*s - 1. Let g(l) = -12*l**3 - 31*l**2 - 17*l. Let b(j) = g(j) - 6*i(j). What is b(-5)?
6
Let b = 42 + -41. Let s(y) = -208*y**2 - 39*y - 39. Let m(g) = -11*g**2 - 2*g - 2. Let v(k) = 39*m(k) - 2*s(k). Calculate v(b).
-13
Let i = -115 - -118. Let d(y) = -47*y**3 - i - 4*y**2 - 49*y**3 + 97*y**3 + 2*y. What is d(4)?
5
Let r(m) = -m**2 - 22*m + 94. Let k = 5701 + -5697. Calculate r(k).
-10
Let n(q) be the third derivative of 7*q**5/60 - q**4/24 + q**3/6 - 54*q**2 + 11*q + 1. Calculate n(2).
27
Let k(u) = -177*u**3 + 532*u**3 + 34*u - 177*u**3 - 176*u**3 + 25*u**2 + 16. Determine k(-11).
5
Suppose i - 4*i = -4*o + 932, 0 = 4*o - 2*i - 932. Let c(v) = 123*v - 240 + o - 124*v. Determine c(-2).
-5
Let k be (-6 + (0 - -1))*6/(-10). Suppose 3*n = k, -i + n + n = -1. Let t(c) = 1 - c**i - 1 + 0*c**2 + 2 - 10*c**2. Give t(-10).
2
Let r be (-7 - (-8 - 1))*(-4)/(-8). Let u(y) = -y - 1. Let f(p) = -10*p**2 + 6*p + 4. Let o(w) = -f(w) - 5*u(w). Determine o(r).
10
Let o(u) = -2*u + 9. Let s be 13 - (-7 - (-29 - -8) - 7). Calculate o(s).
-3
Let p(f) = -254*f - 4*f**2 - 158 + f**3 + 227*f + 21*f**2. Calculate p(-18).
4
Let q(a) = 17*a**3 - 10*a**2 - 9*a + 7. Let g(n) = -8*n**3 + 4*n**2 + 4*n - 3. Let z(k) = 5*g(k) + 2*q(k). Suppose 5 = 7*c - 2*c. Determine z(c).
-5
Let m(c) = 21 - 129 + 6 - 28*c - c**2. Determine m(-23).
13
Suppose 2*k - k - 5 = 0. Let n = -874 - -876. Let w(s) = -8*s**2 - 4*s**3 + 5*s**3 - 7*s**n + 15*s**2 + 6*s - 6*s**2 + 6. Determine w(k).
11
Let d(q) = 3*q**2 - 20*q - 87. Let c(r) = -20*r**2 + 119*r + 518. Let w(n) = 2*c(n) + 13*d(n). Determine w(-6).
1
Let d = -89 + 17. Let x be (-9)/(-2)*d/(-54). Let i(c) = -c + 1. Let h(a) = a**2 - 3*a + 1. Let n(t) = h(t) + 3*i(t). Give n(x).
4
Let h be (1 + 41/(-3))*6. Let g = h + 84. Suppose g*y = -16 - 8. Let f(r) = r**2 - 2*r + 3. Determine f(y).
18
Suppose 390 + 436 = -187*o + 69*o. Let m(j) = 3*j + 8. Calculate m(o).
-13
Suppose -9*n - 49 = -139. Let o(b) = 1 - 2*b - 19*b**2 + 0 + 11*b**2 + n*b**2. What is o(3)?
13
Suppose -14*p = -26 + 208. Let q(g) = g - 20. Let a(u) = -3*u + 41. Let m(n) = 2*a(n) + 5*q(n). Determine m(p).
-5
Let s(z) = z + 39. Let n(o) = -366*o - 747. Let u be n(-2). Give s(u).
24
Let m be 2/(-8) - (-45)/(-12). Let q be m*((-26)/(-40) - (-8)/(-20)). Let n(w) = 8*w**3 - w**2 - 3*w - 2. Give n(q).
-8
Let a(y) = -y**2 + y + 6. Suppose -2*p + 21 = n, 5 = 2*p + 5*n - 4. Let z be 2*1/(-2) + 24. Suppose 2*c - 4*r - p = 0, -4*c - 5*r - z = -8. Give a(c).
6
Let f(s) = s**3 - 11*s**2 - s - 2. Suppose -2*p + 35 = -4*u + 3*u, -2*p - 5*u = -65. Suppose -i = p - 31. Calculate f(i).
-13
Let o(g) = 2*g**3 - 3*g**2 - 5*g + 4. Let d(t) = t**3 - 10*t**2 + 8*t + 8. Let q be d(9). Let u be -2 - (-4 + 2 + 9). Let s be ((-5)/15)/(-1*q/u). What is o(s)?
16
Let s(j) = -j**3 + 6*j**2 - 11*j + 14. Let q be s(3). Let l(y) = y - q*y**2 + 0*y - 27*y**3 + 6*y**2. Give l(1).
-28
Let l(t) be the second derivative of -7*t**4/12 + t**3/6 - 49*t. Suppose 4*z = 6 - 2. Let y be (-10)/(-8) - z/4. Give l(y).
-6
Suppose 14*f - 17*f + 15 = 0. Suppose -4*p + 4*b + 120 = -0*p, f*b - 190 = -5*p. Let d = p + -36. Let j(k) = 3*k**2 + 3*k. Determine j(d).
6
Let h be 2324/(-166) + 24/2. Let z(a) = -a**3 - a**2 + 3*a - 3. What is z(h)?
-5
Let y(r) = -38*r - 139. Let m be y(8). Let w = m + 449. Let z(f) = f**2 + 1. Let o(x) = 7*x**2 - 9*x + 11. Let u(s) = -o(s) + 6*z(s). Calculate u(w).
13
Let y(l) = l**2 + 7*l + 5. Let u be y(-5). Let p = -94 - -96. Let v(m) = -5 + 3 + 4 - p*m. Give v(u).
12
Let y(w) = 2*w - 18. Suppose -l + i = -3 - 2, 2*l - 3*i - 9 = 0. Let p be y(l). Let c(r) = -r**2 - r + 6. Give c(p).
-24
Let s = 31272 + -31269. Let f(j) be the first derivative of 2*j**3/3 - 3*j**2/2 + j - 2. Calculate f(s).
10
Let g(m) = 16698*m - 8358*m - 8382*m + 274 + m**2. What is g(8)?
2
Let j(y) = y**2 - 9*y + 1. Suppose 50 = 6*t + 2. Suppose t*a = 2*a + 96. Let p(i) = 4*i - 55. Let x be p(a). Determine j(x).
1
Let z(n) be the first derivative of n**2/2 - 10*n + 535. Calculate z(10).
0
Let z(h) be the third derivative of h**4/12 - 4*h**3 + 20*h**2. Let g be z(9). Let i be (-3 - (g + 0))/(5/(-5)). Let b(l) = l**2 + 3*l + 3. Determine b(i).
3
Suppose 2184 = -14*f + 6384. Suppose 0 = -f*b + 312*b - 36. Let n(a) be the third derivative of a**6/120 - a**5/15 - a**4/12 + 2*a**3/3 - a**2. What is n(b)?
-11
Suppose 0 = 31*a + 66*a - 5*a - 368. Let o(h) be the third derivative of -h**6/120 + h**5/12 - h**3/6 + 4*h**2. Determine o(a).
15
Let c(n) be the third derivative of -5*n**4/12 + 29*n**3/6 + 299*n**2. Calculate c(3).
-1
Let d(q) = -5 - 5*q - 14 + 20 - 8. Let n(u) = 15*u + 20. Let y(z) = -17*d(z) - 6*n(z). Suppose -5*m - 3*x + 20 = 0, 3*m - 5*x + 2*x + 12 = 0. Give y(m).
-6
Let h be (-3)/(9/2)*-3. Let k be ((0 - -6) + -4)*(0 + 1). Let g(d) = -d**3 + 5*d**h + 3 + k - 1 - 10*d**2. What is g(-5)?
4
Let g(b) be the third derivative of -b**4/12 + 5*b**3/6 - b**2. Suppose -4*c = -3*h + 871 - 28, 648 = -3*c - 3*h. Let o = -208 - c. Give g(o).
-5
Suppose -v - 24 = 2*t, 0 = 25*t - 21*t - 2*v + 40. Let n(b) = b**3 + 9*b**2 - 21*b + 15. What is n(t)?
4
Let r(i) = -i. Let w(k) be the first derivative of -k**4/4 - k**3/3 + k + 8. Let d(u) = 3*u**2 - 17*u + 9. Let h be d(5). Let z be w(h). What is r(z)?
-1
Let u(m) be the third derivative of -m**4/24 - 13*m**3/3 - 3*m**2. Let y = 149 - 160. Calculate u(y).
-15
Let a(y) = 14*y**2 - 41*y - 39. Let l(z) = 5*z**2 - 14*z - 13. Let g(w) = -4*a(w) + 11*l(w). Let c(q) = 188*q + 14864. Let i be c(-79). Determine g(i).
-11
Let g = -210 + 273. Let u be 1/(1/3) + (g - 71). Let d(o) = o**3 + 6*o**2 + 4*o + 1. Give d(u).
6
Let c(w) = -w**2 + 9*w + 30. Let o be c(9). Let q be (-4)/6 - o/(-18). Suppose -6*r = -7*r + q. Let a(i) = -6*i**3 + i**2 - i + 1. Give a(r).
-5
Suppose 0 = -41*n + 43*n + 60. Let u be ((36/n)/(-1))/(2/5). Suppose -2*o = -i - 1, -3*o + 3*i = 9 - u. Let a(f) = -f**2 + 5*f. Give a(o).
6
Let p(t) be the second derivative of 0 - 20*t - 1/12*t**4 + 5/2*t**3 + 9*t**2. Give p(16).
2
Let n = 6 - 4. Let m(x) = x + 17. Let q(c) = -11 + 4 + 11*c - 10*c + 3. Let b(p) = m(p) + 5*q(p). Determine b(n).
9
Suppose 3*k = 5*k - a - 3, -3 = k - 5*a. Let t(n) = n**2 - 6 - 2*n**2 + 0*n**2 + 2*n - k*n**2 + 2*n**2. Give t(4).
-14
Let l be 2/(2/3) + -11. Let q(f) be the second derivative of -5*f**3/6 - 3*f**2 + 2*f - 374. What is q(l)?
34
Let t(r) = -41*r - 581. Let p(a) = 42*a + 585. Let c(g) = 6*p(g) + 5*t(g). Give c(-13).
-6
Let z(q) = 36 - 15 - 20 + 6 - 9 + q. Let f = 1 - -2. What is z(f)?
1
Let v(c) be the third derivative of 0 - 28*c**2 + 1/12*c**4 + 2*c + c**3. What is v(0)?
6
Let c be (2/(-6) + 0)/((-24)/(-360)). Let m(v) = -v**2 + 3*v + 2. Calculate m(c).
-38
Let j(s) = 1. Let v(w) = 6*w + 2. Let i(c) = -2*j(c) + v(c). Let h(k) = k - 1. Let f be (7 - 3)/4*(-3 - -2). Let p(o) = f*h(o) - i(o). Give p(1).
-6
Suppose -t = -3*r + 20, -2*r + 5*r - 40 = 5*t. Suppose -w + r*m + 14 = -0*w, 10 = -5*m. Suppose -12 + w = 2*v. Let z(x) = x**2 + 5*x + 5. Determine z(v).
1
Suppose -14 + 27 = 6*x - g, -4*x + 5*g = -13. Let b(j) = -j**3 + 4*j - 1. Give b(x).
-1
Suppose k - 3*b = 19, 4*k - 16 = -0*b - 3*b. Suppose 0 = -6*c + 5 + 25. Let a(d) = 10*d - 8 - c*d - 2*d - 2*d. Determine a(k).
-1
Let v(w) = -6618224*w**3 - 2*w - 1 + 6618225*w**3 - 8*w**2 - 7*w. Let g be (8/3)/4*-3. Let n be (-1)/g - (-51)/6. Determine v(n).
-1
Let b(v) = v**2 - 13243 + v + 6616 + 6622. Suppose -26 = l - 4*l + 4*q, 2*q + 4 = -3*l. Suppose -l*p = -0*p. What is b(p)?
-5
Let m(u) = -11*u**2 + 21*u - 12. Let n(p) = -5*p**2 + 11*p - 6. Let g = -460 + 469. Let c(s) = g*n(s) - 4*m(s). Determine c(15).
-6
Let w(v) = -12*v + 4 + 4*v**2 + 3*v - 3*v**2. Let r be 7/63*51*12/2. Suppose -28 = -3*m + h, -8*m + r = -4*m + 2*h. Determine w(m).
4
Let h = -217 + 234. Suppose -5*c = -2*u + h, 2*c